{"id":733,"date":"2016-06-28T14:16:08","date_gmt":"2016-06-28T12:16:08","guid":{"rendered":"https:\/\/www.mediateurfevad.fr\/?page_id=733"},"modified":"2023-05-05T15:48:48","modified_gmt":"2023-05-05T13:48:48","slug":"mentions-legales","status":"publish","type":"page","link":"https:\/\/www.mediateurfevad.fr\/index.php\/mentions-legales\/","title":{"rendered":"Mentions l\u00e9gales"},"content":{"rendered":"\n<style type=\"text\/css\" id=\"style-css-av-e8n1h-4e08370bf89ecc60f4c81a21a134b797\">\n#top .flex_column.av-e8n1h-4e08370bf89ecc60f4c81a21a134b797{\nborder-radius:0px;\n-webkit-border-radius:0px;\n-moz-border-radius:0px;\npadding:0px;\n}\n<\/style>\n<div class='flex_column av-e8n1h-4e08370bf89ecc60f4c81a21a134b797 av_one_full  avia-builder-el-0  avia-builder-el-no-sibling  first flex_column_div av-zero-column-padding '   ><section class=\"av_textblock_section \"  itemscope=\"itemscope\" itemtype=\"https:\/\/schema.org\/CreativeWork\" ><div class='avia_textblock  '   itemprop=\"text\" ><p><strong>\u00a0Mentions l\u00e9gales <\/strong><\/p>\n<p><strong>\u00c9DITEUR<\/strong><\/p>\n<p><u>https:\/\/www.mediateurfevad.fr<\/u> est le site internet d\u00e9di\u00e9 au service du m\u00e9diateur de la consommation F\u00e9d\u00e9ration du e-commerce et de la vente \u00e0 distance (<strong>\u00ab\u00a0FEVAD<\/strong>\u00a0<strong>\u00bb<\/strong>) http:\/\/www.fevad.com.<\/p>\n<p>F\u00e9d\u00e9ration du e-commerce et de la vente \u00e0 distance (FEVAD)<\/p>\n<p>Association de Loi de 1901 &#8211; SIREN\u00a0: 784 854 994<\/p>\n<p>BP 20015 \u2013 75362 PARIS CEDEX 8 \u2013<\/p>\n<p>Tel\u00a0: 01 42 56 38 86<\/p>\n<p>Mail\u00a0: contact@fevad.com<u> et mediateurduecommerce@fevad.com<\/u><\/p>\n<p>Directeur de publication : Marc LOLIVIER \u2013 D\u00e9l\u00e9gu\u00e9 g\u00e9n\u00e9ral de la FEVAD.<\/p>\n<p><strong>H\u00c9BERGEMENT<\/strong><\/p>\n<p>L\u2019h\u00e9bergement du pr\u00e9sent site est assur\u00e9 par\u00a0:<\/p>\n<p>SITEPARC<\/p>\n<p>125 rue Aristide Briand,<\/p>\n<p>92300 Levallois-Perret<\/p>\n<p>T\u00e9l : 01 47 31 85 41<\/p>\n<p><strong>Propri\u00e9t\u00e9 intellectuelle <\/strong><\/p>\n<p>Les gabarits utilis\u00e9s et le contenu du site : dessins, illustrations, mod\u00e8les, textes, logos, marques, photographies, images des personnes, etc., ainsi que le nom de domaine https:\/\/www.mediateurfevad.fr, sont soumis \u00e0 la l\u00e9gislation en vigueur et prot\u00e9g\u00e9s, notamment, par le droit commun, le droit d\u2019auteur, le droit \u00e0 l\u2019image, \u00e0 la propri\u00e9t\u00e9 industrielle et sont la propri\u00e9t\u00e9 exclusive de la FEVAD, ou de tiers l\u2019ayant autoris\u00e9e \u00e0 les utiliser.<\/p>\n<p>En application du Code de la Propri\u00e9t\u00e9 Intellectuelle et, plus g\u00e9n\u00e9ralement, des trait\u00e9s et accords internationaux comportant des dispositions relatives \u00e0 la protection des droits d\u2019auteurs, il est donc interdit de reproduire, de fa\u00e7on totale ou partielle, pour un usage autre que priv\u00e9 mais aussi de distribuer, de transmettre, de modifier, d\u2019utiliser, de mentionner ou de vendre, sous quelque forme que ce soit, les donn\u00e9es, la pr\u00e9sentation ou le plan du site sans l\u2019autorisation \u00e9crite pr\u00e9alable de la FEVAD.<\/p>\n<p><strong>Hyperliens<\/strong><\/p>\n<p>Les liens simples vers la page d\u2019accueil du site peuvent \u00eatre librement \u00e9tablis d\u00e8s lors qu\u2019ils ne sont pas utilis\u00e9s \u00e0 des fins commerciales ou publicitaires.<\/p>\n<p>Tous les liens profonds vers une page interne du site, quels que soient leur forme et leur contenu, sont interdits, sauf autorisation pr\u00e9alable de la FEVAD. Cela inclut notamment, mais non exclusivement, tout document de type graphique (tel que .jpeg, .gif, .png), tout document multim\u00e9dia ou anim\u00e9 (tel que .avi, .mov, .wmv, .flv, .swf, .ppt, .pps), tout document texte ou r\u00e9dactionnel (tel que .txt, .doc, .docx, .rtf, .xls, .pdf), ainsi que tout autre document non lisible directement depuis un navigateur.<\/p>\n<p>La FEVAD d\u00e9cline toute responsabilit\u00e9 sur le contenu des sites dont il n\u2019est pas l\u2019\u00e9diteur et qui sont accessibles par l\u2019interm\u00e9diaire d\u2019hyperliens simples ou profonds.<\/p>\n<p>La FEVAD se r\u00e9serve la possibilit\u00e9, \u00e0 tout moment, sans pr\u00e9avis et sans avoir \u00e0 motiver sa d\u00e9cision, d\u2019interdire ces liens.<\/p>\n<p><strong>Responsabilit\u00e9<\/strong><\/p>\n<p>La FEVAD ne saurait \u00eatre tenue responsable pour quelque dommage que ce soit engendr\u00e9 par une connexion \u00e0 son site. Il est de la seule responsabilit\u00e9 de l\u2019utilisateur de prendre en charge la protection de ses donn\u00e9es et \u00e9quipements contre notamment la contamination par des virus informatiques, les tentatives d\u2019intrusion, la perte, la d\u00e9t\u00e9rioration ou l\u2019alt\u00e9ration de fichiers dus \u00e0 une connexion par Internet au pr\u00e9sent site\u00a0.<\/p>\n<\/div><\/section><\/div>\n","protected":false},"excerpt":{"rendered":"","protected":false},"author":5,"featured_media":0,"parent":0,"menu_order":0,"comment_status":"closed","ping_status":"closed","template":"","meta":{"footnotes":""},"class_list":["post-733","page","type-page","status-publish","hentry"],"_links":{"self":[{"href":"https:\/\/www.mediateurfevad.fr\/index.php\/wp-json\/wp\/v2\/pages\/733","targetHints":{"allow":["GET"]}}],"collection":[{"href":"https:\/\/www.mediateurfevad.fr\/index.php\/wp-json\/wp\/v2\/pages"}],"about":[{"href":"https:\/\/www.mediateurfevad.fr\/index.php\/wp-json\/wp\/v2\/types\/page"}],"author":[{"embeddable":true,"href":"https:\/\/www.mediateurfevad.fr\/index.php\/wp-json\/wp\/v2\/users\/5"}],"replies":[{"embeddable":true,"href":"https:\/\/www.mediateurfevad.fr\/index.php\/wp-json\/wp\/v2\/comments?post=733"}],"version-history":[{"count":12,"href":"https:\/\/www.mediateurfevad.fr\/index.php\/wp-json\/wp\/v2\/pages\/733\/revisions"}],"predecessor-version":[{"id":1519,"href":"https:\/\/www.mediateurfevad.fr\/index.php\/wp-json\/wp\/v2\/pages\/733\/revisions\/1519"}],"wp:attachment":[{"href":"https:\/\/www.mediateurfevad.fr\/index.php\/wp-json\/wp\/v2\/media?parent=733"}],"curies":[{"name":"wp","href":"https:\/\/api.w.org\/{rel}","templated":true}]}}

Mentions légales

<style type="text/css" id="style-css-av-e8n1h-4e08370bf89ecc60f4c81a21a134b797">
#top .flex_column.av-e8n1h-4e08370bf89ecc60f4c81a21a134b797{
border-radius:0px;
-webkit-border-radius:0px;
-moz-border-radius:0px;
padding:0px;
}
</style>
<div class='flex_column av-e8n1h-4e08370bf89ecc60f4c81a21a134b797 av_one_full  avia-builder-el-0  avia-builder-el-no-sibling  first flex_column_div av-zero-column-padding '   ><section class="av_textblock_section "  itemscope="itemscope" itemtype="https://schema.org/CreativeWork" ><div class='avia_textblock  '   itemprop="text" ><p><strong> Mentions légales </strong></p>
<p><strong>ÉDITEUR</strong></p>
<p><u>https://www.mediateurfevad.fr</u> est le site internet dédié au service du médiateur de la consommation Fédération du e-commerce et de la vente à distance (<strong>« FEVAD</strong> <strong>»</strong>) http://www.fevad.com.</p>
<p>Fédération du e-commerce et de la vente à distance (FEVAD)</p>
<p>Association de Loi de 1901 &#8211; SIREN : 784 854 994</p>
<p>BP 20015 – 75362 PARIS CEDEX 8 –</p>
<p>Tel : 01 42 56 38 86</p>
<p>Mail : contact@fevad.com<u> et mediateurduecommerce@fevad.com</u></p>
<p>Directeur de publication : Marc LOLIVIER – Délégué général de la FEVAD.</p>
<p><strong>HÉBERGEMENT</strong></p>
<p>L’hébergement du présent site est assuré par :</p>
<p>SITEPARC</p>
<p>125 rue Aristide Briand,</p>
<p>92300 Levallois-Perret</p>
<p>Tél : 01 47 31 85 41</p>
<p><strong>Propriété intellectuelle </strong></p>
<p>Les gabarits utilisés et le contenu du site : dessins, illustrations, modèles, textes, logos, marques, photographies, images des personnes, etc., ainsi que le nom de domaine https://www.mediateurfevad.fr, sont soumis à la législation en vigueur et protégés, notamment, par le droit commun, le droit d’auteur, le droit à l’image, à la propriété industrielle et sont la propriété exclusive de la FEVAD, ou de tiers l’ayant autorisée à les utiliser.</p>
<p>En application du Code de la Propriété Intellectuelle et, plus généralement, des traités et accords internationaux comportant des dispositions relatives à la protection des droits d’auteurs, il est donc interdit de reproduire, de façon totale ou partielle, pour un usage autre que privé mais aussi de distribuer, de transmettre, de modifier, d’utiliser, de mentionner ou de vendre, sous quelque forme que ce soit, les données, la présentation ou le plan du site sans l’autorisation écrite préalable de la FEVAD.</p>
<p><strong>Hyperliens</strong></p>
<p>Les liens simples vers la page d’accueil du site peuvent être librement établis dès lors qu’ils ne sont pas utilisés à des fins commerciales ou publicitaires.</p>
<p>Tous les liens profonds vers une page interne du site, quels que soient leur forme et leur contenu, sont interdits, sauf autorisation préalable de la FEVAD. Cela inclut notamment, mais non exclusivement, tout document de type graphique (tel que .jpeg, .gif, .png), tout document multimédia ou animé (tel que .avi, .mov, .wmv, .flv, .swf, .ppt, .pps), tout document texte ou rédactionnel (tel que .txt, .doc, .docx, .rtf, .xls, .pdf), ainsi que tout autre document non lisible directement depuis un navigateur.</p>
<p>La FEVAD décline toute responsabilité sur le contenu des sites dont il n’est pas l’éditeur et qui sont accessibles par l’intermédiaire d’hyperliens simples ou profonds.</p>
<p>La FEVAD se réserve la possibilité, à tout moment, sans préavis et sans avoir à motiver sa décision, d’interdire ces liens.</p>
<p><strong>Responsabilité</strong></p>
<p>La FEVAD ne saurait être tenue responsable pour quelque dommage que ce soit engendré par une connexion à son site. Il est de la seule responsabilité de l’utilisateur de prendre en charge la protection de ses données et équipements contre notamment la contamination par des virus informatiques, les tentatives d’intrusion, la perte, la détérioration ou l’altération de fichiers dus à une connexion par Internet au présent site .</p>
</div></section></div>
